on factor of 5952 and 2424.
24
What is the greatest common divisor of 13390 and 7930?
130
Calculate the greatest common divisor of 8 and 3796840.
8
Calculate the highest common factor of 378620 and 220.
220
What is the greatest common factor of 129 and 86?
43
Calculate the greatest common factor of 1099 and 2612323.
1099
Calculate the greatest common factor of 31 and 988621.
31
What is the highest common divisor of 14148 and 2489?
131
Calculate the highest common factor of 105 and 12348.
21
What is the greatest common factor of 1101429 and 126?
63
Calculate the highest common factor of 1487432 and 17.
17
What is the greatest common divisor of 115464 and 264?
24
Calculate the greatest common divisor of 537250 and 1750.
1750
What is the highest common factor of 351 and 41985?
27
Calculate the greatest common divisor of 216730 and 60.
10
What is the greatest common divisor of 4736 and 496?
16
Calculate the highest common divisor of 91 and 83629.
91
Calculate the greatest common factor of 83127 and 2748.
687
What is the greatest common divisor of 1802 and 47382?
106
Calculate the greatest common factor of 134937 and 330.
33
Calculate the greatest common divisor of 1481194 and 26.
26
What is the highest common divisor of 226002 and 42?
42
Calculate the highest common factor of 5820 and 54999.
291
What is the highest common factor of 28438 and 1416?
118
What is the highest common factor of 1463 and 55979?
77
Calculate the highest common factor of 780 and 11920.
20
What is the highest common divisor of 1012985 and 95?
95
What is the greatest common divisor of 2439654 and 2436?
1218
Calculate the greatest common factor of 29 and 724333.
29
Calculate the greatest common factor of 339618 and 15408.
642
What is the greatest common factor of 13542 and 3?
3
Calculate the highest common factor of 2800 and 1064.
56
What is the greatest common divisor of 148687 and 154?
77
What is the greatest common factor of 791 and 3265813?
113
What is the greatest common factor of 476 and 436254?
238
Calculate the greatest common divisor of 86668 and 282.
94
Calculate the greatest common divisor of 86273 and 69.
23
What is the highest common factor of 274 and 21783?
137
What is the highest common factor of 40 and 43630?
10
Calculate the greatest common divisor of 318125 and 250.
125
What is the greatest common factor of 3388 and 95711?
847
Calculate the greatest common factor of 4176 and 21936.
48
Calculate the greatest common divisor of 55 and 15895.
55
What is the highest common divisor of 536 and 108272?
536
Calculate the greatest common divisor of 53852 and 16.
4
Calculate the greatest common divisor of 123915 and 30.
15
Calculate the highest common divisor of 9424 and 722.
38
Calculate the greatest common divisor of 96861 and 249.
249
What is the highest common divisor of 48 and 196288?
16
Calculate the highest common divisor of 175 and 18275.
25
What is the greatest common factor of 2103 and 160529?
701
What is the highest common factor of 15836 and 2782?
214
What is the greatest common factor of 26018 and 4?
2
Calculate the greatest common divisor of 127 and 6800723.
127
What is the greatest common factor of 846 and 1539?
9
Calculate the greatest common factor of 186 and 13857.
93
Calculate the highest common divisor of 963 and 55533.
321
Calculate the highest common factor of 13 and 547079.
13
Calculate the highest common divisor of 625 and 480.
5
Calculate the highest common divisor of 41 and 31529.
41
What is the greatest common factor of 6083 and 45584?
77
Calculate the greatest common factor of 6688 and 1232.
176
Calculate the greatest common divisor of 179 and 1999609.
179
What is the highest common factor of 9 and 21711?
3
Calculate the highest common divisor of 36733 and 436.
109
What is the greatest common divisor of 1179 and 2187?
9
Calculate the greatest common divisor of 34780772 and 596.
596
What is the greatest common factor of 6722 and 5?
1
What is the highest common factor of 110566 and 177?
59
What is the greatest common divisor of 9158919 and 93?
93
What is the highest common divisor of 504 and 20286?
126
Calculate the greatest common divisor of 237988 and 8.
4
What is the greatest common divisor of 30012 and 31476?
732
What is the highest common factor of 161 and 56511?
161
What is the highest common factor of 104979 and 203?
7
What is the highest common divisor of 840972 and 506?
506
Calculate the highest common factor of 510752 and 3520.
352
What is the highest common divisor of 2140 and 1529565?
535
Calculate the greatest common divisor of 310 and 17515.
155
What is the greatest common factor of 10703 and 1386?
77
Calculate the highest common divisor of 1411 and 17513.
83
Calculate the greatest common factor of 124 and 12998858.
62
Calculate the highest common divisor of 7676 and 2052.
76
Calculate the greatest common divisor of 4069 and 8567.
13
Calculate the greatest common divisor of 7373838 and 1473.
1473
What is the highest common factor of 152 and 1580648?
152
What is the highest common factor of 1646 and 27982?
1646
What is the highest common divisor of 25938 and 2574?
198
Calculate the greatest common divisor of 107841 and 206.
103
Calculate the greatest common divisor of 5720 and 78520.
520
What is the greatest common divisor of 560 and 11540?
20
Calculate the greatest common factor of 64251 and 2178.
1089
Calculate the greatest common factor of 1473 and 56465.
491
Calculate the highest common divisor of 11025 and 3600.
225
Calculate the highest common factor of 23 and 7551.
1
Calculate the highest common divisor of 85043 and 1.
1
Calculate the greatest common divisor of 265 and 31205.
5
Calculate the greatest common factor of 5782 and 1656956.
826
What is the greatest common factor of 4977684 and 303?
303
Calculate the highest common divisor of 16432 and 1106.
158
What is the highest common divisor of 169 and 18512?
13
Calculate the greatest common factor of 112 and 29.
1
Calculate the highest common factor of 31735 and 9955.
55
What is the highest common factor of 2436 and 85724?
116
What is the greatest common divisor of 435123 and 468?
117
Calculate the greatest common factor of 280 and 12005.
35
Calculate the highest common divisor of 270662 and 42.
14
What is the greatest common factor of 36 and 17658?
18
Calculate the greatest common factor of 516 and 229362.
258
Calculate the greatest common divisor of 62274 and 291.
291
What is the greatest common factor of 3840 and 2535?
15
Calculate the greatest common factor of 11224 and 8174.
122
What is the highest common divisor of 4214 and 333508?
602
What is the highest common divisor of 2668 and 232?
116
Calculate the highest common factor of 351006 and 60.
6
What is the highest common divisor of 56 and 7588?
28
Calculate the highest common factor of 576 and 774.
18
Calculate the greatest common divisor of 15049 and 2384.
149
Calculate the greatest common factor of 1034 and 11562.
94
What is the greatest common factor of 250459 and 11?
11
What is the highest common divisor of 9338 and 201434?
1334
What is the highest common divisor of 86723 and 3640?
91
What is the highest common divisor of 352 and 109384?
88
What is the highest common factor of 81374 and 3496?
46
What is the highest common divisor of 26118 and 12?
6
Calculate the highest common factor of 5740 and 2380.
140
Calculate the highest common factor of 9947 and 539.
49
What is the greatest common factor of 1727195 and 38?
19
Calculate the highest common divisor of 33 and 723393.
33
Calculate the greatest common divisor of 4655 and 383180.
245
What is the greatest common factor of 2668 and 78384?
92
What is the highest common factor of 14283 and 297?
27
Calculate the greatest common divisor of 656505 and 495.
45
What is the highest common divisor of 365850 and 15?
15
Calculate the highest common divisor of 2134 and 26578.
194
What is the greatest common factor of 2339978 and 1186?
1186
Calculate the highest common divisor of 5281 and 11.
1
Calculate the highest common factor of 22117 and 221.
17
What is the greatest common divisor of 5217 and 25197?
111
Calculate the greatest common factor of 14097 and 555.
111
Calculate the greatest common divisor of 270 and 8154.
54
What is the highest common divisor of 595 and 262633